{"id":8,"date":"2026-03-02T20:07:15","date_gmt":"2026-03-02T19:07:15","guid":{"rendered":"https:\/\/tevienlinea.mx\/cafe-artemisa-art-cafe-27h7d\/nosotros\/"},"modified":"2026-03-02T20:07:15","modified_gmt":"2026-03-02T19:07:15","slug":"nosotros","status":"publish","type":"page","link":"https:\/\/tevienlinea.mx\/cafe-artemisa-art-cafe-27h7d\/nosotros\/","title":{"rendered":"Nosotros"},"content":{"rendered":"\n<div class=\"wp-block-group has-global-padding is-layout-constrained wp-container-core-group-is-layout-d0a2af45 wp-block-group-is-layout-constrained\" style='padding-top:5rem; padding-bottom:3rem; padding-left:1.5rem; padding-right:1.5rem; background: linear-gradient(135deg, #2C3E50 0%, #F1C40F 100%);'>\n    <div style='text-align: center; color: white;'>\n        <h1 style='font-size: 3rem; font-weight: 800;'>Nuestra Historia<\/h1>\n    <\/div>\n<\/div>\n\n\n\n<div class=\"wp-block-group has-global-padding is-layout-constrained wp-container-core-group-is-layout-194ed6b0 wp-block-group-is-layout-constrained\" style='padding-top:3rem; padding-bottom:3rem; padding-left:1.5rem; padding-right:1.5rem; background: white;'>\n    <div style='display: flex; gap: 3rem; align-items: center; flex-wrap: wrap; '>\n        \n        <div style='flex: 1; min-width: 300px;'>\n            <h2 style='font-size: 2.2rem; font-weight: 700; color: #2C3E50; margin-bottom: 1.5rem;'>Nuestros Or\u00edgenes<\/h2>\n            <p style='font-size: 1.1rem; line-height: 1.8; color: #555;'>Cafe Artemisa naci\u00f3 en el a\u00f1o 2000 con un sue\u00f1o claro: ofrecer una experiencia de degustaci\u00f3n de caf\u00e9 que trascendiera el sabor. Fundada por un grupo de apasionados del caf\u00e9 y el arte, nuestra misi\u00f3n siempre ha sido fusionar la calidad del caf\u00e9 con la expresi\u00f3n art\u00edstica en todas sus formas. Conscientes de que cada taza cuenta una historia, buscamos hacer que cada sorbo sea una oportunidad para despertar emociones y sensaciones \u00fanicas en nuestros comensales. Desde el inicio, nos comprometimos a crear un espacio donde la creatividad y el buen caf\u00e9 se encontraran, ofreciendo a nuestros visitantes una experiencia multisensorial donde cada detalle cuenta. Hoy, recordamos esos primeros pasos con orgullo y gratitud.<\/p>\n        <\/div>\n    <\/div>\n<\/div>\n\n\n\n<div class=\"wp-block-group has-global-padding is-layout-constrained wp-container-core-group-is-layout-194ed6b0 wp-block-group-is-layout-constrained\" style='padding-top:3rem; padding-bottom:3rem; padding-left:1.5rem; padding-right:1.5rem; background: #f8f9fa;'>\n    <div style='display: flex; gap: 3rem; align-items: center; flex-wrap: wrap; flex-direction: row-reverse;'>\n        \n        <div style='flex: 1; min-width: 300px;'>\n            <h2 style='font-size: 2.2rem; font-weight: 700; color: #2C3E50; margin-bottom: 1.5rem;'>Nuestro Camino<\/h2>\n            <p style='font-size: 1.1rem; line-height: 1.8; color: #555;'>Desde nuestros humildes inicios, Cafe Artemisa ha evolucionado y crecido de manera notable. A lo largo de los a\u00f1os, hemos ampliado nuestra oferta, incluyendo no solo caf\u00e9 de alta calidad, sino tambi\u00e9n eventos art\u00edsticos que dan vida al espacio y enriquecen la experiencia del cliente. Cada hito, ya sea la apertura de nuevas sedes o colaboraciones con artistas locales, ha sido un paso hacia adelante en nuestra traves\u00eda. Estas iniciativas han solidificado nuestra posici\u00f3n como un punto de encuentro para los amantes del caf\u00e9 y el arte, creando comunidad y compartiendo la riqueza cultural que nos rodea. Nuestros clientes no solo vienen por un caf\u00e9, sino por una conexi\u00f3n aut\u00e9ntica.<\/p>\n        <\/div>\n    <\/div>\n<\/div>\n\n\n\n<div class=\"wp-block-group has-global-padding is-layout-constrained wp-container-core-group-is-layout-194ed6b0 wp-block-group-is-layout-constrained\" style='padding-top:3rem; padding-bottom:3rem; padding-left:1.5rem; padding-right:1.5rem; background: white;'>\n    <div style='display: flex; gap: 3rem; align-items: center; flex-wrap: wrap; '>\n        \n        <div style='flex: 1; min-width: 300px;'>\n            <h2 style='font-size: 2.2rem; font-weight: 700; color: #2C3E50; margin-bottom: 1.5rem;'>Hoy y Ma\u00f1ana<\/h2>\n            <p style='font-size: 1.1rem; line-height: 1.8; color: #555;'>En la actualidad, Cafe Artemisa contin\u00faa su compromiso de enriquecer la vida de nuestros clientes a trav\u00e9s del caf\u00e9 y el arte. Nuestra visi\u00f3n para el futuro es seguir innovando, explorando nuevas formas de conectar el caf\u00e9 con la creatividad y el bienestar. Nos esforzamos por introducir experiencias frescas y emocionantes, alentando a nuestro equipo a experimentar y ser creativos en su trabajo diario. Creemos que cada taza de caf\u00e9 puede ser una obra de arte en s\u00ed misma y seguimos dedicados a brindar un espacio donde la comunidad pueda disfrutar de la belleza y la diversidad del mundo del caf\u00e9. As\u00ed, mantenemos viva nuestra pasi\u00f3n y la visi\u00f3n de crear momentos memorables.<\/p>\n        <\/div>\n    <\/div>\n<\/div>\n\n\n\n<div class=\"wp-block-group has-global-padding is-layout-constrained wp-container-core-group-is-layout-2ef76e5a wp-block-group-is-layout-constrained\" style='padding-top:4rem; padding-bottom:4rem; padding-left:1.5rem; padding-right:1.5rem; background: #f8f9fa;'>\n    <h2 style='text-align: center; font-size: 2.5rem; font-weight: 800; color: #2C3E50; margin-bottom: 3rem;'>Nuestros Valores<\/h2>\n    <div style='display: flex; gap: 2rem; flex-wrap: wrap; justify-content: center;'>\n        <div style='flex: 1; min-width: 280px; background: white; border-radius: 12px; padding: 2rem; box-shadow: 0 4px 12px rgba(0,0,0,0.1); text-align: center;'>\n                <div style='font-size: 3rem; margin-bottom: 1rem;'>shield-checkmark-outline<\/div>\n                <h3 style='font-size: 1.5rem; font-weight: 700; color: #2C3E50; margin-bottom: 1rem;'>Calidad<\/h3>\n                <p style='color: #666; line-height: 1.6;'>Comprometidos con los m\u00e1s altos est\u00e1ndares.<\/p>\n            <\/div><div style='flex: 1; min-width: 280px; background: white; border-radius: 12px; padding: 2rem; box-shadow: 0 4px 12px rgba(0,0,0,0.1); text-align: center;'>\n                <div style='font-size: 3rem; margin-bottom: 1rem;'>people-outline<\/div>\n                <h3 style='font-size: 1.5rem; font-weight: 700; color: #2C3E50; margin-bottom: 1rem;'>Creatividad<\/h3>\n                <p style='color: #666; line-height: 1.6;'>Fomentamos la expresi\u00f3n art\u00edstica en cada taza.<\/p>\n            <\/div><div style='flex: 1; min-width: 280px; background: white; border-radius: 12px; padding: 2rem; box-shadow: 0 4px 12px rgba(0,0,0,0.1); text-align: center;'>\n                <div style='font-size: 3rem; margin-bottom: 1rem;'>leaf-outline<\/div>\n                <h3 style='font-size: 1.5rem; font-weight: 700; color: #2C3E50; margin-bottom: 1rem;'>Sostenibilidad<\/h3>\n                <p style='color: #666; line-height: 1.6;'>Practicamos un comercio justo y responsable.<\/p>\n            <\/div>\n    <\/div>\n<\/div>\n","protected":false},"excerpt":{"rendered":"<p>Nuestra Historia Nuestros Or\u00edgenes Cafe Artemisa naci\u00f3 en el a\u00f1o 2000 con un sue\u00f1o claro: ofrecer una experiencia de degustaci\u00f3n de caf\u00e9 que trascendiera el sabor. Fundada por un grupo de apasionados del caf\u00e9 y el arte, nuestra misi\u00f3n siempre ha sido fusionar la calidad del caf\u00e9 con la expresi\u00f3n art\u00edstica en todas sus formas. [&hellip;]<\/p>\n","protected":false},"author":1,"featured_media":0,"parent":0,"menu_order":0,"comment_status":"closed","ping_status":"closed","template":"","meta":{"footnotes":""},"class_list":["post-8","page","type-page","status-publish","hentry"],"_links":{"self":[{"href":"https:\/\/tevienlinea.mx\/cafe-artemisa-art-cafe-27h7d\/wp-json\/wp\/v2\/pages\/8","targetHints":{"allow":["GET"]}}],"collection":[{"href":"https:\/\/tevienlinea.mx\/cafe-artemisa-art-cafe-27h7d\/wp-json\/wp\/v2\/pages"}],"about":[{"href":"https:\/\/tevienlinea.mx\/cafe-artemisa-art-cafe-27h7d\/wp-json\/wp\/v2\/types\/page"}],"author":[{"embeddable":true,"href":"https:\/\/tevienlinea.mx\/cafe-artemisa-art-cafe-27h7d\/wp-json\/wp\/v2\/users\/1"}],"replies":[{"embeddable":true,"href":"https:\/\/tevienlinea.mx\/cafe-artemisa-art-cafe-27h7d\/wp-json\/wp\/v2\/comments?post=8"}],"version-history":[{"count":0,"href":"https:\/\/tevienlinea.mx\/cafe-artemisa-art-cafe-27h7d\/wp-json\/wp\/v2\/pages\/8\/revisions"}],"wp:attachment":[{"href":"https:\/\/tevienlinea.mx\/cafe-artemisa-art-cafe-27h7d\/wp-json\/wp\/v2\/media?parent=8"}],"curies":[{"name":"wp","href":"https:\/\/api.w.org\/{rel}","templated":true}]}}