{"id":19,"date":"2025-11-28T19:22:49","date_gmt":"2025-11-28T18:22:49","guid":{"rendered":"https:\/\/tevienlinea.mx\/dale-grocery-distributor\/producto\/cacahuate-enchilado-con-toque-de-limon-botana-mexicana\/"},"modified":"2025-11-28T19:28:03","modified_gmt":"2025-11-28T18:28:03","slug":"cacahuate-enchilado-con-toque-de-limon-botana-mexicana","status":"publish","type":"product","link":"https:\/\/tevienlinea.mx\/dale-grocery-distributor\/producto\/cacahuate-enchilado-con-toque-de-limon-botana-mexicana\/","title":{"rendered":"Cacahuate Enchilado con Toque de Lim\u00f3n &#8211; Botana Mexicana"},"content":{"rendered":"<p>Disfruta de la aut\u00e9ntica botana mexicana con nuestros cacahuates enchilados, combinando el tradicional sabor del chile con un refrescante toque de lim\u00f3n. Perfectos para quienes buscan un antojo irresistible y lleno de sabor, estos cacahuates son la elecci\u00f3n ideal para reuniones, fiestas o esos momentos en los que quieres consentirte con algo \u00fanico y delicioso. Sorprende a tu paladar con su equilibrado picor y acidez, caracter\u00edsticas que conquistan a los amantes del sabor mexicano. Atr\u00e9vete a probar una combinaci\u00f3n que nunca pasa de moda y comparte la experiencia con tus amigos y familia. Haz de tus snacks algo especial y ll\u00e9vate hoy mismo estos cacahuates enchilados con lim\u00f3n, \u00a1no dejes que te los ganen!<\/p>\n","protected":false},"excerpt":{"rendered":"<p>Disfruta de la aut\u00e9ntica botana mexicana con nuestros cacahuates enchilados, combinando el tradicional sabor del chile con un refrescante toque&hellip;<\/p>\n","protected":false},"featured_media":20,"comment_status":"open","ping_status":"closed","template":"","meta":[],"product_brand":[],"product_cat":[],"product_tag":[],"class_list":{"0":"post-19","1":"product","2":"type-product","3":"status-publish","4":"has-post-thumbnail","7":"first","8":"instock","9":"shipping-taxable","10":"product-type-simple"},"_links":{"self":[{"href":"https:\/\/tevienlinea.mx\/dale-grocery-distributor\/wp-json\/wp\/v2\/product\/19","targetHints":{"allow":["GET"]}}],"collection":[{"href":"https:\/\/tevienlinea.mx\/dale-grocery-distributor\/wp-json\/wp\/v2\/product"}],"about":[{"href":"https:\/\/tevienlinea.mx\/dale-grocery-distributor\/wp-json\/wp\/v2\/types\/product"}],"replies":[{"embeddable":true,"href":"https:\/\/tevienlinea.mx\/dale-grocery-distributor\/wp-json\/wp\/v2\/comments?post=19"}],"wp:featuredmedia":[{"embeddable":true,"href":"https:\/\/tevienlinea.mx\/dale-grocery-distributor\/wp-json\/wp\/v2\/media\/20"}],"wp:attachment":[{"href":"https:\/\/tevienlinea.mx\/dale-grocery-distributor\/wp-json\/wp\/v2\/media?parent=19"}],"wp:term":[{"taxonomy":"product_brand","embeddable":true,"href":"https:\/\/tevienlinea.mx\/dale-grocery-distributor\/wp-json\/wp\/v2\/product_brand?post=19"},{"taxonomy":"product_cat","embeddable":true,"href":"https:\/\/tevienlinea.mx\/dale-grocery-distributor\/wp-json\/wp\/v2\/product_cat?post=19"},{"taxonomy":"product_tag","embeddable":true,"href":"https:\/\/tevienlinea.mx\/dale-grocery-distributor\/wp-json\/wp\/v2\/product_tag?post=19"}],"curies":[{"name":"wp","href":"https:\/\/api.w.org\/{rel}","templated":true}]}}