{"id":9,"date":"2025-12-10T19:51:56","date_gmt":"2025-12-10T18:51:56","guid":{"rendered":"https:\/\/tevienlinea.mx\/gas-bienestar-gas-delivery-obtlb\/nosotros\/"},"modified":"2025-12-10T19:51:56","modified_gmt":"2025-12-10T18:51:56","slug":"nosotros","status":"publish","type":"page","link":"https:\/\/tevienlinea.mx\/gas-bienestar-gas-delivery-obtlb\/nosotros\/","title":{"rendered":"Nosotros"},"content":{"rendered":"\n<div class=\"wp-block-group has-global-padding is-layout-constrained wp-container-core-group-is-layout-d0a2af45 wp-block-group-is-layout-constrained\" style='padding-top:5rem; padding-bottom:3rem; padding-left:1.5rem; padding-right:1.5rem; background: linear-gradient(135deg, #1A2D3E 0%, #FFCC00 100%);'>\n    <div style='text-align: center; color: white;'>\n        <h1 style='font-size: 3rem; font-weight: 800;'>Nuestra Historia<\/h1>\n    <\/div>\n<\/div>\n\n\n\n<div class=\"wp-block-group has-global-padding is-layout-constrained wp-container-core-group-is-layout-194ed6b0 wp-block-group-is-layout-constrained\" style='padding-top:3rem; padding-bottom:3rem; padding-left:1.5rem; padding-right:1.5rem; background: white;'>\n    <div style='display: flex; gap: 3rem; align-items: center; flex-wrap: wrap; '>\n        \n        <div style='flex: 1; min-width: 300px;'>\n            <h2 style='font-size: 2.2rem; font-weight: 700; color: #1A2D3E; margin-bottom: 1.5rem;'>Nuestros Or\u00edgenes<\/h2>\n            <p style='font-size: 1.1rem; line-height: 1.8; color: #555;'>La creaci\u00f3n de Gas Bienestar surge como respuesta ante el injustificado aumento en los precios del Gas LP por parte de empresas privadas, que afecta directamente las econom\u00edas familiares. En este contexto, el Gobierno de M\u00e9xico, a trav\u00e9s de Petr\u00f3leos Mexicanos, establece esta nueva empresa con el objetivo esencial de ofrecer el energ\u00e9tico a un precio justo para todos. Esta iniciativa no solo busca combatir la especulaci\u00f3n de precios, sino tambi\u00e9n reafirmar el compromiso del gobierno de no permitir incrementos superiores a la inflaci\u00f3n. Gas Bienestar nace con la misi\u00f3n de estar al servicio de las familias m\u00e1s necesitadas, garantizando que todos tengan acceso al gas sin que esto represente una carga financiera para su hogar.<\/p>\n        <\/div>\n    <\/div>\n<\/div>\n\n\n\n<div class=\"wp-block-group has-global-padding is-layout-constrained wp-container-core-group-is-layout-194ed6b0 wp-block-group-is-layout-constrained\" style='padding-top:3rem; padding-bottom:3rem; padding-left:1.5rem; padding-right:1.5rem; background: #f8f9fa;'>\n    <div style='display: flex; gap: 3rem; align-items: center; flex-wrap: wrap; flex-direction: row-reverse;'>\n        \n        <div style='flex: 1; min-width: 300px;'>\n            <h2 style='font-size: 2.2rem; font-weight: 700; color: #1A2D3E; margin-bottom: 1.5rem;'>Nuestro Camino<\/h2>\n            <p style='font-size: 1.1rem; line-height: 1.8; color: #555;'>Desde su fundaci\u00f3n, Gas Bienestar ha trabajado arduamente para cumplir con su misi\u00f3n. A medida que la empresa crece, se convierte en un pilar fundamental en la pol\u00edtica energ\u00e9tica del Gobierno de M\u00e9xico, logrando una presencia s\u00f3lida en el mercado del gas LP. A trav\u00e9s de un modelo de distribuci\u00f3n eficiente y responsable, se asegura la entrega de productos de calidad, garantizando que cada familia reciba lo que paga. Este compromiso ha sido clave para construir la confianza de los usuarios, quienes pueden estar seguros de que est\u00e1n recibiendo kilos de a kilo y litros de a litro, reflejando el enfoque de Gas Bienestar hacia la transparencia y la calidad en el servicio.<\/p>\n        <\/div>\n    <\/div>\n<\/div>\n\n\n\n<div class=\"wp-block-group has-global-padding is-layout-constrained wp-container-core-group-is-layout-194ed6b0 wp-block-group-is-layout-constrained\" style='padding-top:3rem; padding-bottom:3rem; padding-left:1.5rem; padding-right:1.5rem; background: white;'>\n    <div style='display: flex; gap: 3rem; align-items: center; flex-wrap: wrap; '>\n        \n        <div style='flex: 1; min-width: 300px;'>\n            <h2 style='font-size: 2.2rem; font-weight: 700; color: #1A2D3E; margin-bottom: 1.5rem;'>Nuestra Misi\u00f3n Actual<\/h2>\n            <p style='font-size: 1.1rem; line-height: 1.8; color: #555;'>Hoy en d\u00eda, Gas Bienestar se posiciona como una empresa l\u00edder en la industria, con una visi\u00f3n clara de mantener precios justos y un servicio de calidad. La empresa tiene el firme objetivo de seguir mejorando la calidad y confiabilidad en la distribuci\u00f3n del gas LP, as\u00ed como en la seguridad de sus instalaciones y veh\u00edculos. El compromiso de Gas Bienestar es garantizar que todos los hogares mexicanos puedan disfrutar de un energ\u00e9tico accesible, sin comprometer la econom\u00eda familiar ni el bienestar social. Con una perspectiva enfocada en el futuro, se busca adem\u00e1s minimizar el impacto ambiental, promoviendo pr\u00e1cticas sostenibles que beneficien a la comunidad y al pa\u00eds en general.<\/p>\n        <\/div>\n    <\/div>\n<\/div>\n\n\n\n<div class=\"wp-block-group has-global-padding is-layout-constrained wp-container-core-group-is-layout-2ef76e5a wp-block-group-is-layout-constrained\" style='padding-top:4rem; padding-bottom:4rem; padding-left:1.5rem; padding-right:1.5rem; background: #f8f9fa;'>\n    <h2 style='text-align: center; font-size: 2.5rem; font-weight: 800; color: #1A2D3E; margin-bottom: 3rem;'>Nuestros Valores<\/h2>\n    <div style='display: flex; gap: 2rem; flex-wrap: wrap; justify-content: center;'>\n        <div style='flex: 1; min-width: 280px; background: white; border-radius: 12px; padding: 2rem; box-shadow: 0 4px 12px rgba(0,0,0,0.1); text-align: center;'>\n                <div style='font-size: 3rem; margin-bottom: 1rem;'>shield-checkmark-outline<\/div>\n                <h3 style='font-size: 1.5rem; font-weight: 700; color: #1A2D3E; margin-bottom: 1rem;'>Compromiso<\/h3>\n                <p style='color: #666; line-height: 1.6;'>Cumplimos con lo que prometemos.<\/p>\n            <\/div><div style='flex: 1; min-width: 280px; background: white; border-radius: 12px; padding: 2rem; box-shadow: 0 4px 12px rgba(0,0,0,0.1); text-align: center;'>\n                <div style='font-size: 3rem; margin-bottom: 1rem;'>people-outline<\/div>\n                <h3 style='font-size: 1.5rem; font-weight: 700; color: #1A2D3E; margin-bottom: 1rem;'>Transparencia<\/h3>\n                <p style='color: #666; line-height: 1.6;'>Operamos con claridad y honestidad.<\/p>\n            <\/div><div style='flex: 1; min-width: 280px; background: white; border-radius: 12px; padding: 2rem; box-shadow: 0 4px 12px rgba(0,0,0,0.1); text-align: center;'>\n                <div style='font-size: 3rem; margin-bottom: 1rem;'>leaf-outline<\/div>\n                <h3 style='font-size: 1.5rem; font-weight: 700; color: #1A2D3E; margin-bottom: 1rem;'>Sostenibilidad<\/h3>\n                <p style='color: #666; line-height: 1.6;'>Promovemos pr\u00e1cticas responsables y verdes.<\/p>\n            <\/div>\n    <\/div>\n<\/div>\n","protected":false},"excerpt":{"rendered":"<p>Nuestra Historia Nuestros Or\u00edgenes La creaci\u00f3n de Gas Bienestar surge como respuesta ante el injustificado aumento en los precios del Gas LP por parte de empresas privadas, que afecta directamente las econom\u00edas familiares. En este contexto, el Gobierno de M\u00e9xico, a trav\u00e9s de Petr\u00f3leos Mexicanos, establece esta nueva empresa con el objetivo esencial de ofrecer [&hellip;]<\/p>\n","protected":false},"author":1,"featured_media":0,"parent":0,"menu_order":0,"comment_status":"closed","ping_status":"closed","template":"","meta":{"footnotes":""},"class_list":["post-9","page","type-page","status-publish","hentry"],"_links":{"self":[{"href":"https:\/\/tevienlinea.mx\/gas-bienestar-gas-delivery-obtlb\/wp-json\/wp\/v2\/pages\/9","targetHints":{"allow":["GET"]}}],"collection":[{"href":"https:\/\/tevienlinea.mx\/gas-bienestar-gas-delivery-obtlb\/wp-json\/wp\/v2\/pages"}],"about":[{"href":"https:\/\/tevienlinea.mx\/gas-bienestar-gas-delivery-obtlb\/wp-json\/wp\/v2\/types\/page"}],"author":[{"embeddable":true,"href":"https:\/\/tevienlinea.mx\/gas-bienestar-gas-delivery-obtlb\/wp-json\/wp\/v2\/users\/1"}],"replies":[{"embeddable":true,"href":"https:\/\/tevienlinea.mx\/gas-bienestar-gas-delivery-obtlb\/wp-json\/wp\/v2\/comments?post=9"}],"version-history":[{"count":0,"href":"https:\/\/tevienlinea.mx\/gas-bienestar-gas-delivery-obtlb\/wp-json\/wp\/v2\/pages\/9\/revisions"}],"wp:attachment":[{"href":"https:\/\/tevienlinea.mx\/gas-bienestar-gas-delivery-obtlb\/wp-json\/wp\/v2\/media?parent=9"}],"curies":[{"name":"wp","href":"https:\/\/api.w.org\/{rel}","templated":true}]}}