{"id":9,"date":"2026-02-20T20:03:33","date_gmt":"2026-02-20T19:03:33","guid":{"rendered":"https:\/\/tevienlinea.mx\/pinco-mex-shopping-carts-2r0sz\/nosotros\/"},"modified":"2026-02-20T20:03:33","modified_gmt":"2026-02-20T19:03:33","slug":"nosotros","status":"publish","type":"page","link":"https:\/\/tevienlinea.mx\/pinco-mex-shopping-carts-2r0sz\/nosotros\/","title":{"rendered":"Nosotros"},"content":{"rendered":"\n<div class=\"wp-block-group has-global-padding is-layout-constrained wp-container-core-group-is-layout-d0a2af45 wp-block-group-is-layout-constrained\" style='padding-top:5rem; padding-bottom:3rem; padding-left:1.5rem; padding-right:1.5rem; background: linear-gradient(135deg, #343A40 0%, #28A745 100%);'>\n    <div style='text-align: center; color: white;'>\n        <h1 style='font-size: 3rem; font-weight: 800;'>Nuestra Historia<\/h1>\n    <\/div>\n<\/div>\n\n\n\n<div class=\"wp-block-group has-global-padding is-layout-constrained wp-container-core-group-is-layout-194ed6b0 wp-block-group-is-layout-constrained\" style='padding-top:3rem; padding-bottom:3rem; padding-left:1.5rem; padding-right:1.5rem; background: white;'>\n    <div style='display: flex; gap: 3rem; align-items: center; flex-wrap: wrap; '>\n        \n        <div style='flex: 1; min-width: 300px;'>\n            <h2 style='font-size: 2.2rem; font-weight: 700; color: #343A40; margin-bottom: 1.5rem;'>Nuestros Inicios<\/h2>\n            <p style='font-size: 1.1rem; line-height: 1.8; color: #555;'>Desde nuestra fundaci\u00f3n hace 20 a\u00f1os, PINCO MEX se ha establecido como una empresa 100% mexicana. Nacimos con la visi\u00f3n de proveer soluciones efectivas en la fabricaci\u00f3n y comercializaci\u00f3n de productos de calidad. Nuestro compromiso con la excelencia se basa en un profundo conocimiento del mercado y una pasi\u00f3n por el servicio al cliente. Creemos firmemente que nuestros colaboradores son nuestro recurso m\u00e1s valioso, por lo que nos esforzamos por capacitarlos y brindarles las herramientas necesarias. Desde el principio, nuestra motivaci\u00f3n ha sido no solo satisfacer las necesidades de nuestros clientes, sino superarlas, asegurando que cada uno de nuestros productos y servicios refleje nuestro compromiso con la calidad y el apoyo t\u00e9cnico.<\/p>\n        <\/div>\n    <\/div>\n<\/div>\n\n\n\n<div class=\"wp-block-group has-global-padding is-layout-constrained wp-container-core-group-is-layout-194ed6b0 wp-block-group-is-layout-constrained\" style='padding-top:3rem; padding-bottom:3rem; padding-left:1.5rem; padding-right:1.5rem; background: #f8f9fa;'>\n    <div style='display: flex; gap: 3rem; align-items: center; flex-wrap: wrap; flex-direction: row-reverse;'>\n        \n        <div style='flex: 1; min-width: 300px;'>\n            <h2 style='font-size: 2.2rem; font-weight: 700; color: #343A40; margin-bottom: 1.5rem;'>Crecimiento y Evoluci\u00f3n<\/h2>\n            <p style='font-size: 1.1rem; line-height: 1.8; color: #555;'>A lo largo de la \u00faltima d\u00e9cada, hemos experimentado un notable crecimiento que nos ha llevado a expandir nuestra gama de productos y servicios. Gracias a la confianza de nuestros clientes, hemos logrado implementar innovaciones que optimizan la eficiencia en autoservicios, almacenes e industrias. Ampliar nuestra presencia en el mercado ha sido fundamental, y trabajamos arduamente para establecer relaciones s\u00f3lidas. Nuestra estrategia se centra en la fabricaci\u00f3n, representaci\u00f3n y asesor\u00eda, siempre buscando mejorar la experiencia del cliente. Los hitos alcanzados durante este proceso son testimonio de nuestro compromiso con la satisfacci\u00f3n del cliente, propiciando recomendaciones y un crecimiento sostenido a lo largo del tiempo.<\/p>\n        <\/div>\n    <\/div>\n<\/div>\n\n\n\n<div class=\"wp-block-group has-global-padding is-layout-constrained wp-container-core-group-is-layout-194ed6b0 wp-block-group-is-layout-constrained\" style='padding-top:3rem; padding-bottom:3rem; padding-left:1.5rem; padding-right:1.5rem; background: white;'>\n    <div style='display: flex; gap: 3rem; align-items: center; flex-wrap: wrap; '>\n        \n        <div style='flex: 1; min-width: 300px;'>\n            <h2 style='font-size: 2.2rem; font-weight: 700; color: #343A40; margin-bottom: 1.5rem;'>Presente y Futuro<\/h2>\n            <p style='font-size: 1.1rem; line-height: 1.8; color: #555;'>Hoy en d\u00eda, en PINCO MEX seguimos reafirmando nuestro compromiso de ofrecer un servicio de excelencia, orientado a la satisfacci\u00f3n del cliente. Nos esforzamos por adaptarnos a las exigencias de un mercado en constante cambio, garantizando que nuestros productos no solo cumplan con los est\u00e1ndares de calidad, sino que tambi\u00e9n aporten un valor agregado real. Nuestro objetivo es seguir creciendo y mejorando, con la firme intenci\u00f3n de ser un aliado estrat\u00e9gico para empresas de todos los tama\u00f1os. A futuro, visualizamos continuar desarrollando soluciones innovadoras que brinden resultados efectivos, siempre apoyados por un equipo humano altamente calificado y comprometido, transformando desaf\u00edos en oportunidades de \u00e9xito para nuestros clientes.<\/p>\n        <\/div>\n    <\/div>\n<\/div>\n\n\n\n<div class=\"wp-block-group has-global-padding is-layout-constrained wp-container-core-group-is-layout-2ef76e5a wp-block-group-is-layout-constrained\" style='padding-top:4rem; padding-bottom:4rem; padding-left:1.5rem; padding-right:1.5rem; background: #f8f9fa;'>\n    <h2 style='text-align: center; font-size: 2.5rem; font-weight: 800; color: #343A40; margin-bottom: 3rem;'>Nuestros Valores<\/h2>\n    <div style='display: flex; gap: 2rem; flex-wrap: wrap; justify-content: center;'>\n        <div style='flex: 1; min-width: 280px; background: white; border-radius: 12px; padding: 2rem; box-shadow: 0 4px 12px rgba(0,0,0,0.1); text-align: center;'>\n                <div style='font-size: 3rem; margin-bottom: 1rem;'>shield-checkmark-outline<\/div>\n                <h3 style='font-size: 1.5rem; font-weight: 700; color: #343A40; margin-bottom: 1rem;'>Calidad<\/h3>\n                <p style='color: #666; line-height: 1.6;'>Compromiso con productos de alta excelencia.<\/p>\n            <\/div><div style='flex: 1; min-width: 280px; background: white; border-radius: 12px; padding: 2rem; box-shadow: 0 4px 12px rgba(0,0,0,0.1); text-align: center;'>\n                <div style='font-size: 3rem; margin-bottom: 1rem;'>people-outline<\/div>\n                <h3 style='font-size: 1.5rem; font-weight: 700; color: #343A40; margin-bottom: 1rem;'>Colaboraci\u00f3n<\/h3>\n                <p style='color: #666; line-height: 1.6;'>Fomentamos un ambiente de trabajo en equipo.<\/p>\n            <\/div><div style='flex: 1; min-width: 280px; background: white; border-radius: 12px; padding: 2rem; box-shadow: 0 4px 12px rgba(0,0,0,0.1); text-align: center;'>\n                <div style='font-size: 3rem; margin-bottom: 1rem;'>leaf-outline<\/div>\n                <h3 style='font-size: 1.5rem; font-weight: 700; color: #343A40; margin-bottom: 1rem;'>Innovaci\u00f3n<\/h3>\n                <p style='color: #666; line-height: 1.6;'>B\u00fasqueda constante de soluciones efectivas.<\/p>\n            <\/div>\n    <\/div>\n<\/div>\n","protected":false},"excerpt":{"rendered":"<p>Nuestra Historia Nuestros Inicios Desde nuestra fundaci\u00f3n hace 20 a\u00f1os, PINCO MEX se ha establecido como una empresa 100% mexicana. Nacimos con la visi\u00f3n de proveer soluciones efectivas en la fabricaci\u00f3n y comercializaci\u00f3n de productos de calidad. Nuestro compromiso con la excelencia se basa en un profundo conocimiento del mercado y una pasi\u00f3n por el [&hellip;]<\/p>\n","protected":false},"author":1,"featured_media":0,"parent":0,"menu_order":0,"comment_status":"closed","ping_status":"closed","template":"","meta":{"footnotes":""},"class_list":["post-9","page","type-page","status-publish","hentry"],"_links":{"self":[{"href":"https:\/\/tevienlinea.mx\/pinco-mex-shopping-carts-2r0sz\/wp-json\/wp\/v2\/pages\/9","targetHints":{"allow":["GET"]}}],"collection":[{"href":"https:\/\/tevienlinea.mx\/pinco-mex-shopping-carts-2r0sz\/wp-json\/wp\/v2\/pages"}],"about":[{"href":"https:\/\/tevienlinea.mx\/pinco-mex-shopping-carts-2r0sz\/wp-json\/wp\/v2\/types\/page"}],"author":[{"embeddable":true,"href":"https:\/\/tevienlinea.mx\/pinco-mex-shopping-carts-2r0sz\/wp-json\/wp\/v2\/users\/1"}],"replies":[{"embeddable":true,"href":"https:\/\/tevienlinea.mx\/pinco-mex-shopping-carts-2r0sz\/wp-json\/wp\/v2\/comments?post=9"}],"version-history":[{"count":0,"href":"https:\/\/tevienlinea.mx\/pinco-mex-shopping-carts-2r0sz\/wp-json\/wp\/v2\/pages\/9\/revisions"}],"wp:attachment":[{"href":"https:\/\/tevienlinea.mx\/pinco-mex-shopping-carts-2r0sz\/wp-json\/wp\/v2\/media?parent=9"}],"curies":[{"name":"wp","href":"https:\/\/api.w.org\/{rel}","templated":true}]}}