{"id":8,"date":"2026-02-20T20:36:42","date_gmt":"2026-02-20T19:36:42","guid":{"rendered":"https:\/\/tevienlinea.mx\/presta-siempre-cash-loans-37b8y\/contactanos\/"},"modified":"2026-02-20T20:36:42","modified_gmt":"2026-02-20T19:36:42","slug":"contactanos","status":"publish","type":"page","link":"https:\/\/tevienlinea.mx\/presta-siempre-cash-loans-37b8y\/contactanos\/","title":{"rendered":"Cont\u00e1ctanos"},"content":{"rendered":"\n<div class=\"wp-block-group has-global-padding is-layout-constrained wp-container-core-group-is-layout-d0a2af45 wp-block-group-is-layout-constrained\" style='padding-top:5rem; padding-bottom:3rem; padding-left:1.5rem; padding-right:1.5rem; background: linear-gradient(135deg, #1A294B 0%, #FFFFFF 100%);'>\n    <div style='text-align: center; color: white;'>\n        <h1 style='font-size: 3rem; font-weight: 800; margin-bottom: 1rem;'>Cont\u00e1ctanos<\/h1>\n        <p style='font-size: 1.3rem; opacity: 0.95;'>Estamos aqu\u00ed para ayudarte. Vis\u00edtanos, ll\u00e1manos o escr\u00edbenos.<\/p>\n    <\/div>\n<\/div>\n\n\n\n<div class=\"wp-block-group has-global-padding is-layout-constrained wp-container-core-group-is-layout-37350734 wp-block-group-is-layout-constrained\" style='padding-top:3rem; padding-bottom:4rem; padding-left:1.5rem; padding-right:1.5rem;'>\n    <div style='background: white; padding: 3rem; border-radius: 12px; box-shadow: 0 4px 12px rgba(0,0,0,0.1);'><div style='margin-bottom: 2rem;'>\n            <h3 style='font-size: 1.5rem; font-weight: 700; color: #1A294B; margin-bottom: 0.5rem;'>\ud83d\udccd Direcci\u00f3n<\/h3>\n            <p style='font-size: 1.1rem; color: #555;'>Culiac\u00e1n<\/p><p style='font-size: 1.1rem; color: #555;'>Culiac\u00e1n<\/p>\n        <\/div><div style='margin-bottom: 2rem;'>\n            <h3 style='font-size: 1.5rem; font-weight: 700; color: #1A294B; margin-bottom: 0.5rem;'>\ud83d\udcde Tel\u00e9fono<\/h3>\n            <p style='font-size: 1.1rem; color: #555;'><a href='tel:3525015779' style='color: #FFFFFF; text-decoration: none;'>3525015779<\/a><\/p>\n        <\/div><div style='margin-bottom: 2rem;'>\n            <h3 style='font-size: 1.5rem; font-weight: 700; color: #1A294B; margin-bottom: 0.5rem;'>\u2709\ufe0f Email<\/h3>\n            <p style='font-size: 1.1rem; color: #555;'><a href='mailto:solicita@prestasiempre.com' style='color: #FFFFFF; text-decoration: none;'>solicita@prestasiempre.com<\/a><\/p>\n        <\/div><div style='margin-bottom: 2rem;'>\n            <a href='https:\/\/wa.me\/3525015779' target='_blank' style='display: inline-block; background: #25D366; color: white; padding: 1rem 2rem; border-radius: 8px; text-decoration: none; font-weight: 600;'>\n                \ud83d\udcac Env\u00edanos un WhatsApp\n            <\/a>\n        <\/div><\/div>\n<\/div>\n","protected":false},"excerpt":{"rendered":"<p>Cont\u00e1ctanos Estamos aqu\u00ed para ayudarte. Vis\u00edtanos, ll\u00e1manos o escr\u00edbenos. \ud83d\udccd Direcci\u00f3n Culiac\u00e1n Culiac\u00e1n \ud83d\udcde Tel\u00e9fono 3525015779 \u2709\ufe0f Email solicita@prestasiempre.com \ud83d\udcac Env\u00edanos un WhatsApp<\/p>\n","protected":false},"author":1,"featured_media":0,"parent":0,"menu_order":0,"comment_status":"closed","ping_status":"closed","template":"","meta":{"footnotes":""},"class_list":["post-8","page","type-page","status-publish","hentry"],"_links":{"self":[{"href":"https:\/\/tevienlinea.mx\/presta-siempre-cash-loans-37b8y\/wp-json\/wp\/v2\/pages\/8","targetHints":{"allow":["GET"]}}],"collection":[{"href":"https:\/\/tevienlinea.mx\/presta-siempre-cash-loans-37b8y\/wp-json\/wp\/v2\/pages"}],"about":[{"href":"https:\/\/tevienlinea.mx\/presta-siempre-cash-loans-37b8y\/wp-json\/wp\/v2\/types\/page"}],"author":[{"embeddable":true,"href":"https:\/\/tevienlinea.mx\/presta-siempre-cash-loans-37b8y\/wp-json\/wp\/v2\/users\/1"}],"replies":[{"embeddable":true,"href":"https:\/\/tevienlinea.mx\/presta-siempre-cash-loans-37b8y\/wp-json\/wp\/v2\/comments?post=8"}],"version-history":[{"count":0,"href":"https:\/\/tevienlinea.mx\/presta-siempre-cash-loans-37b8y\/wp-json\/wp\/v2\/pages\/8\/revisions"}],"wp:attachment":[{"href":"https:\/\/tevienlinea.mx\/presta-siempre-cash-loans-37b8y\/wp-json\/wp\/v2\/media?parent=8"}],"curies":[{"name":"wp","href":"https:\/\/api.w.org\/{rel}","templated":true}]}}